[INFO] cloning repository https://github.com/themasch/tsdns
[INFO] running `Command { std: "git" "-c" "credential.helper=" "-c" "credential.helper=/workspace/cargo-home/bin/git-credential-null" "clone" "--bare" "https://github.com/themasch/tsdns" "/workspace/cache/git-repos/https%3A%2F%2Fgithub.com%2Fthemasch%2Ftsdns", kill_on_drop: false }`
[INFO] [stderr] Cloning into bare repository '/workspace/cache/git-repos/https%3A%2F%2Fgithub.com%2Fthemasch%2Ftsdns'...
[INFO] running `Command { std: "git" "rev-parse" "HEAD", kill_on_drop: false }`
[INFO] [stdout] b13980a9e3eadd7a97388626bfe5f9a7fd1b2c79
[INFO] checking themasch/tsdns against try#72f88fc4e9458f89516a0b8b0868f3718aec5b47 for pr-74989
[INFO] running `Command { std: "git" "clone" "/workspace/cache/git-repos/https%3A%2F%2Fgithub.com%2Fthemasch%2Ftsdns" "/workspace/builds/worker-3/source", kill_on_drop: false }`
[INFO] [stderr] Cloning into '/workspace/builds/worker-3/source'...
[INFO] [stderr] done.
[INFO] validating manifest of git repo https://github.com/themasch/tsdns on toolchain 72f88fc4e9458f89516a0b8b0868f3718aec5b47
[INFO] running `Command { std: "/workspace/cargo-home/bin/cargo" "+72f88fc4e9458f89516a0b8b0868f3718aec5b47" "read-manifest" "--manifest-path" "Cargo.toml", kill_on_drop: false }`
[INFO] started tweaking git repo https://github.com/themasch/tsdns
[INFO] finished tweaking git repo https://github.com/themasch/tsdns
[INFO] tweaked toml for git repo https://github.com/themasch/tsdns written to /workspace/builds/worker-3/source/Cargo.toml
[INFO] crate git repo https://github.com/themasch/tsdns already has a lockfile, it will not be regenerated
[INFO] running `Command { std: "/workspace/cargo-home/bin/cargo" "+72f88fc4e9458f89516a0b8b0868f3718aec5b47" "fetch" "--locked" "--manifest-path" "Cargo.toml", kill_on_drop: false }`
[INFO] [stderr]     Updating git repository `https://github.com/zonyitoo/rust-ini.git`
[INFO] [stderr] error: the lock file /workspace/builds/worker-3/source/Cargo.lock needs to be updated but --locked was passed to prevent this
[INFO] [stderr] If you want to try to generate the lock file without accessing the network, use the --offline flag.
[INFO] the lockfile is outdated, regenerating it
[INFO] running `Command { std: "/workspace/cargo-home/bin/cargo" "+72f88fc4e9458f89516a0b8b0868f3718aec5b47" "generate-lockfile" "--manifest-path" "Cargo.toml" "-Zno-index-update", kill_on_drop: false }`
[INFO] [stderr]     Updating git repository `https://github.com/zonyitoo/rust-ini.git`
[INFO] running `Command { std: "/workspace/cargo-home/bin/cargo" "+72f88fc4e9458f89516a0b8b0868f3718aec5b47" "fetch" "--locked" "--manifest-path" "Cargo.toml", kill_on_drop: false }`
[INFO] [stderr]  Downloading crates ...
[INFO] [stderr]   Downloaded dlv-list v0.2.2
[INFO] [stderr]   Downloaded ordered-multimap v0.2.4
[INFO] running `Command { std: "docker" "create" "-v" "/var/lib/crater-agent-workspace/builds/worker-3/target:/opt/rustwide/target:rw,Z" "-v" "/var/lib/crater-agent-workspace/builds/worker-3/source:/opt/rustwide/workdir:ro,Z" "-v" "/var/lib/crater-agent-workspace/cargo-home:/opt/rustwide/cargo-home:ro,Z" "-v" "/var/lib/crater-agent-workspace/rustup-home:/opt/rustwide/rustup-home:ro,Z" "-e" "SOURCE_DIR=/opt/rustwide/workdir" "-e" "CARGO_TARGET_DIR=/opt/rustwide/target" "-e" "CARGO_HOME=/opt/rustwide/cargo-home" "-e" "RUSTUP_HOME=/opt/rustwide/rustup-home" "-w" "/opt/rustwide/workdir" "-m" "1610612736" "--user" "0:0" "--network" "none" "rustops/crates-build-env@sha256:d92eaeed33fa75130ca1ee6c8a01d1ffb62bac859dfdfb3450e3e5d1c0146529" "/opt/rustwide/cargo-home/bin/cargo" "+72f88fc4e9458f89516a0b8b0868f3718aec5b47" "metadata" "--no-deps" "--format-version=1", kill_on_drop: false }`
[INFO] [stdout] 26767859ba42371061b61ed0845573b81fb326b0ead4f92d06e0c5220396421d
[INFO] [stderr] WARNING: Your kernel does not support swap limit capabilities or the cgroup is not mounted. Memory limited without swap.
[INFO] running `Command { std: "docker" "start" "-a" "26767859ba42371061b61ed0845573b81fb326b0ead4f92d06e0c5220396421d", kill_on_drop: false }`
[INFO] running `Command { std: "docker" "inspect" "26767859ba42371061b61ed0845573b81fb326b0ead4f92d06e0c5220396421d", kill_on_drop: false }`
[INFO] running `Command { std: "docker" "rm" "-f" "26767859ba42371061b61ed0845573b81fb326b0ead4f92d06e0c5220396421d", kill_on_drop: false }`
[INFO] [stdout] 26767859ba42371061b61ed0845573b81fb326b0ead4f92d06e0c5220396421d
[INFO] running `Command { std: "docker" "create" "-v" "/var/lib/crater-agent-workspace/builds/worker-3/target:/opt/rustwide/target:rw,Z" "-v" "/var/lib/crater-agent-workspace/builds/worker-3/source:/opt/rustwide/workdir:ro,Z" "-v" "/var/lib/crater-agent-workspace/cargo-home:/opt/rustwide/cargo-home:ro,Z" "-v" "/var/lib/crater-agent-workspace/rustup-home:/opt/rustwide/rustup-home:ro,Z" "-e" "SOURCE_DIR=/opt/rustwide/workdir" "-e" "CARGO_TARGET_DIR=/opt/rustwide/target" "-e" "CARGO_INCREMENTAL=0" "-e" "RUST_BACKTRACE=full" "-e" "RUSTFLAGS=--cap-lints=forbid" "-e" "CARGO_HOME=/opt/rustwide/cargo-home" "-e" "RUSTUP_HOME=/opt/rustwide/rustup-home" "-w" "/opt/rustwide/workdir" "-m" "1610612736" "--user" "0:0" "--network" "none" "rustops/crates-build-env@sha256:d92eaeed33fa75130ca1ee6c8a01d1ffb62bac859dfdfb3450e3e5d1c0146529" "/opt/rustwide/cargo-home/bin/cargo" "+72f88fc4e9458f89516a0b8b0868f3718aec5b47" "check" "--frozen" "--all" "--all-targets" "--message-format=json", kill_on_drop: false }`
[INFO] [stdout] 92b2a76ad4475268e57adf76b836efbef4ea963802960e2e6dcfa0b491579923
[INFO] [stderr] WARNING: Your kernel does not support swap limit capabilities or the cgroup is not mounted. Memory limited without swap.
[INFO] running `Command { std: "docker" "start" "-a" "92b2a76ad4475268e57adf76b836efbef4ea963802960e2e6dcfa0b491579923", kill_on_drop: false }`
[INFO] [stderr]     Checking cfg-if v0.1.10
[INFO] [stderr]    Compiling hashbrown v0.7.2
[INFO] [stderr]     Checking getrandom v0.1.15
[INFO] [stderr]     Checking rand_core v0.5.1
[INFO] [stderr]     Checking rand_chacha v0.2.2
[INFO] [stderr]     Checking rand v0.7.3
[INFO] [stderr]     Checking dlv-list v0.2.2
[INFO] [stderr]     Checking ordered-multimap v0.2.4
[INFO] [stderr]     Checking rust-ini v0.15.3 (https://github.com/zonyitoo/rust-ini.git#c25729a8)
[INFO] [stderr]     Checking tsdnsx v0.0.1 (/opt/rustwide/workdir)
[INFO] [stdout] error: expected one of `)`, `,`, `.`, `?`, or an operator, found `{`
[INFO] [stdout]   --> src/main.rs:70:18
[INFO] [stdout]    |
[INFO] [stdout] 70 |     spawn(proc() {
[INFO] [stdout]    |                 -^ expected one of `)`, `,`, `.`, `?`, or an operator
[INFO] [stdout]    |                 |
[INFO] [stdout]    |                 help: missing `,`
[INFO] [stdout] 
[INFO] [stdout] 
[INFO] [stdout] error: expected one of `)`, `,`, `.`, `?`, or an operator, found `{`
[INFO] [stdout]   --> src/main.rs:83:40
[INFO] [stdout]    |
[INFO] [stdout] 83 |             Ok(stream) => spawn(proc() {
[INFO] [stdout]    |                                       -^ expected one of `)`, `,`, `.`, `?`, or an operator
[INFO] [stdout]    |                                       |
[INFO] [stdout]    |                                       help: missing `,`
[INFO] [stdout] 
[INFO] [stdout] 
[INFO] [stdout] error: expected one of `)`, `,`, `.`, `?`, or an operator, found `{`
[INFO] [stdout]   --> src/main.rs:70:18
[INFO] [stdout]    |
[INFO] [stdout] 70 |     spawn(proc() {
[INFO] [stdout]    |                 -^ expected one of `)`, `,`, `.`, `?`, or an operator
[INFO] [stdout]    |                 |
[INFO] [stdout]    |                 help: missing `,`
[INFO] [stdout] 
[INFO] [stdout] 
[INFO] [stdout] error: expected one of `)`, `,`, `.`, `?`, or an operator, found `{`
[INFO] [stdout]   --> src/main.rs:83:40
[INFO] [stdout]    |
[INFO] [stdout] 83 |             Ok(stream) => spawn(proc() {
[INFO] [stdout]    |                                       -^ expected one of `)`, `,`, `.`, `?`, or an operator
[INFO] [stdout]    |                                       |
[INFO] [stdout]    |                                       help: missing `,`
[INFO] [stdout] 
[INFO] [stdout] 
[INFO] [stdout] error[E0432]: unresolved imports `std::io::TcpListener`, `std::io::TcpStream`
[INFO] [stdout]  --> src/main.rs:4:15
[INFO] [stdout]   |
[INFO] [stdout] 4 | use std::io::{TcpListener, TcpStream};
[INFO] [stdout]   |               ^^^^^^^^^^^  ^^^^^^^^^ no `TcpStream` in `io`
[INFO] [stdout]   |               |
[INFO] [stdout]   |               no `TcpListener` in `io`
[INFO] [stdout] 
[INFO] [stdout] 
[INFO] [stdout] error[E0432]: unresolved imports `std::io::Acceptor`, `std::io::Listener`
[INFO] [stdout]  --> src/main.rs:5:15
[INFO] [stdout]   |
[INFO] [stdout] 5 | use std::io::{Acceptor, Listener};
[INFO] [stdout]   |               ^^^^^^^^  ^^^^^^^^ no `Listener` in `io`
[INFO] [stdout]   |               |
[INFO] [stdout]   |               no `Acceptor` in `io`
[INFO] [stdout] 
[INFO] [stdout] 
[INFO] [stdout] error[E0432]: unresolved import `std::io::BufferedReader`
[INFO] [stdout]  --> src/main.rs:6:5
[INFO] [stdout]   |
[INFO] [stdout] 6 | use std::io::BufferedReader;
[INFO] [stdout]   |     ^^^^^^^^^^^^^^^^^^^^^^^ no `BufferedReader` in `io`
[INFO] [stdout] 
[INFO] [stdout] 
[INFO] [stdout] error[E0432]: unresolved import `std::comm`
[INFO] [stdout]  --> src/main.rs:8:10
[INFO] [stdout]   |
[INFO] [stdout] 8 | use std::comm::{Sender, Receiver};
[INFO] [stdout]   |          ^^^^ could not find `comm` in `std`
[INFO] [stdout] 
[INFO] [stdout] 
[INFO] [stdout] error[E0432]: unresolved import `std::io::Timer`
[INFO] [stdout]   --> src/main.rs:10:5
[INFO] [stdout]    |
[INFO] [stdout] 10 | use std::io::Timer;
[INFO] [stdout]    |     ^^^^^^^^^^^^^^ no `Timer` in `io`
[INFO] [stdout] 
[INFO] [stdout] 
[INFO] [stdout] error[E0432]: unresolved imports `std::io::TcpListener`, `std::io::TcpStream`
[INFO] [stdout]  --> src/main.rs:4:15
[INFO] [stdout]   |
[INFO] [stdout] 4 | use std::io::{TcpListener, TcpStream};
[INFO] [stdout]   |               ^^^^^^^^^^^  ^^^^^^^^^ no `TcpStream` in `io`
[INFO] [stdout]   |               |
[INFO] [stdout]   |               no `TcpListener` in `io`
[INFO] [stdout] 
[INFO] [stdout] 
[INFO] [stdout] error[E0432]: unresolved imports `std::io::Acceptor`, `std::io::Listener`
[INFO] [stdout]  --> src/main.rs:5:15
[INFO] [stdout]   |
[INFO] [stdout] 5 | use std::io::{Acceptor, Listener};
[INFO] [stdout]   |               ^^^^^^^^  ^^^^^^^^ no `Listener` in `io`
[INFO] [stdout]   |               |
[INFO] [stdout]   |               no `Acceptor` in `io`
[INFO] [stdout] 
[INFO] [stdout] 
[INFO] [stdout] error[E0432]: unresolved import `std::io::BufferedReader`
[INFO] [stdout]  --> src/main.rs:6:5
[INFO] [stdout]   |
[INFO] [stdout] 6 | use std::io::BufferedReader;
[INFO] [stdout]   |     ^^^^^^^^^^^^^^^^^^^^^^^ no `BufferedReader` in `io`
[INFO] [stdout] 
[INFO] [stdout] 
[INFO] [stdout] error[E0432]: unresolved import `std::comm`
[INFO] [stdout]  --> src/main.rs:8:10
[INFO] [stdout]   |
[INFO] [stdout] 8 | use std::comm::{Sender, Receiver};
[INFO] [stdout]   |          ^^^^ could not find `comm` in `std`
[INFO] [stdout] 
[INFO] [stdout] 
[INFO] [stdout] error[E0432]: unresolved import `std::io::Timer`
[INFO] [stdout]   --> src/main.rs:10:5
[INFO] [stdout]    |
[INFO] [stdout] 10 | use std::io::Timer;
[INFO] [stdout]    |     ^^^^^^^^^^^^^^ no `Timer` in `io`
[INFO] [stdout] 
[INFO] [stdout] 
[INFO] [stdout] error[E0425]: cannot find function `channel` in this scope
[INFO] [stdout]   --> src/main.rs:29:32
[INFO] [stdout]    |
[INFO] [stdout] 29 |             let (mytx, myrx) = channel();
[INFO] [stdout]    |                                ^^^^^^^ not found in this scope
[INFO] [stdout]    |
[INFO] [stdout] help: consider importing this function
[INFO] [stdout]    |
[INFO] [stdout] 3  | use std::sync::mpsc::channel;
[INFO] [stdout]    |
[INFO] [stdout] 
[INFO] [stdout] 
[INFO] [stdout] error[E0425]: cannot find function `from_str` in this scope
[INFO] [stdout]   --> src/main.rs:60:27
[INFO] [stdout]    |
[INFO] [stdout] 60 |     let port: u16 = match from_str(config.get("port").as_slice()) {
[INFO] [stdout]    |                           ^^^^^^^^ not found in this scope
[INFO] [stdout] 
[INFO] [stdout] 
[INFO] [stdout] error[E0425]: cannot find function `channel` in this scope
[INFO] [stdout]   --> src/main.rs:68:20
[INFO] [stdout]    |
[INFO] [stdout] 68 |     let (tx, rx) = channel();
[INFO] [stdout]    |                    ^^^^^^^ not found in this scope
[INFO] [stdout]    |
[INFO] [stdout] help: consider importing this function
[INFO] [stdout]    |
[INFO] [stdout] 3  | use std::sync::mpsc::channel;
[INFO] [stdout]    |
[INFO] [stdout] 
[INFO] [stdout] 
[INFO] [stdout] error[E0425]: cannot find function `spawn` in this scope
[INFO] [stdout]   --> src/main.rs:70:5
[INFO] [stdout]    |
[INFO] [stdout] 70 |     spawn(proc() {
[INFO] [stdout]    |     ^^^^^ not found in this scope
[INFO] [stdout]    |
[INFO] [stdout] help: consider importing this function
[INFO] [stdout]    |
[INFO] [stdout] 3  | use std::thread::spawn;
[INFO] [stdout]    |
[INFO] [stdout] 
[INFO] [stdout] 
[INFO] [stdout] error[E0425]: cannot find function `proc` in this scope
[INFO] [stdout]   --> src/main.rs:70:11
[INFO] [stdout]    |
[INFO] [stdout] 70 |     spawn(proc() {
[INFO] [stdout]    |           ^^^^ not found in this scope
[INFO] [stdout] 
[INFO] [stdout] 
[INFO] [stdout] error[E0425]: cannot find function `spawn` in this scope
[INFO] [stdout]   --> src/main.rs:83:27
[INFO] [stdout]    |
[INFO] [stdout] 83 |             Ok(stream) => spawn(proc() {
[INFO] [stdout]    |                           ^^^^^ not found in this scope
[INFO] [stdout]    |
[INFO] [stdout] help: consider importing this function
[INFO] [stdout]    |
[INFO] [stdout] 3  | use std::thread::spawn;
[INFO] [stdout]    |
[INFO] [stdout] 
[INFO] [stdout] 
[INFO] [stdout] error[E0425]: cannot find function `proc` in this scope
[INFO] [stdout]   --> src/main.rs:83:33
[INFO] [stdout]    |
[INFO] [stdout] 83 |             Ok(stream) => spawn(proc() {
[INFO] [stdout]    |                                 ^^^^ not found in this scope
[INFO] [stdout] 
[INFO] [stdout] 
[INFO] [stdout] error[E0425]: cannot find function `channel` in this scope
[INFO] [stdout]   --> src/main.rs:29:32
[INFO] [stdout]    |
[INFO] [stdout] 29 |             let (mytx, myrx) = channel();
[INFO] [stdout]    |                                ^^^^^^^ not found in this scope
[INFO] [stdout]    |
[INFO] [stdout] help: consider importing this function
[INFO] [stdout]    |
[INFO] [stdout] 3  | use std::sync::mpsc::channel;
[INFO] [stdout]    |
[INFO] [stdout] 
[INFO] [stdout] 
[INFO] [stdout] error[E0425]: cannot find function `from_str` in this scope
[INFO] [stdout]   --> src/main.rs:60:27
[INFO] [stdout]    |
[INFO] [stdout] 60 |     let port: u16 = match from_str(config.get("port").as_slice()) {
[INFO] [stdout]    |                           ^^^^^^^^ not found in this scope
[INFO] [stdout] 
[INFO] [stdout] 
[INFO] [stdout] error[E0425]: cannot find function `channel` in this scope
[INFO] [stdout]   --> src/main.rs:68:20
[INFO] [stdout]    |
[INFO] [stdout] 68 |     let (tx, rx) = channel();
[INFO] [stdout]    |                    ^^^^^^^ not found in this scope
[INFO] [stdout]    |
[INFO] [stdout] help: consider importing this function
[INFO] [stdout]    |
[INFO] [stdout] 3  | use std::sync::mpsc::channel;
[INFO] [stdout]    |
[INFO] [stdout] 
[INFO] [stdout] 
[INFO] [stdout] error[E0425]: cannot find function `spawn` in this scope
[INFO] [stdout]   --> src/main.rs:70:5
[INFO] [stdout]    |
[INFO] [stdout] 70 |     spawn(proc() {
[INFO] [stdout]    |     ^^^^^ not found in this scope
[INFO] [stdout]    |
[INFO] [stdout] help: consider importing this function
[INFO] [stdout]    |
[INFO] [stdout] 3  | use std::thread::spawn;
[INFO] [stdout]    |
[INFO] [stdout] 
[INFO] [stdout] 
[INFO] [stdout] error[E0425]: cannot find function `proc` in this scope
[INFO] [stdout]   --> src/main.rs:70:11
[INFO] [stdout]    |
[INFO] [stdout] 70 |     spawn(proc() {
[INFO] [stdout]    |           ^^^^ not found in this scope
[INFO] [stdout] 
[INFO] [stdout] 
[INFO] [stdout] error[E0425]: cannot find function `spawn` in this scope
[INFO] [stdout]   --> src/main.rs:83:27
[INFO] [stdout]    |
[INFO] [stdout] 83 |             Ok(stream) => spawn(proc() {
[INFO] [stdout]    |                           ^^^^^ not found in this scope
[INFO] [stdout]    |
[INFO] [stdout] help: consider importing this function
[INFO] [stdout]    |
[INFO] [stdout] 3  | use std::thread::spawn;
[INFO] [stdout]    |
[INFO] [stdout] 
[INFO] [stdout] 
[INFO] [stdout] error[E0425]: cannot find function `proc` in this scope
[INFO] [stdout]   --> src/main.rs:83:33
[INFO] [stdout]    |
[INFO] [stdout] 83 |             Ok(stream) => spawn(proc() {
[INFO] [stdout]    |                                 ^^^^ not found in this scope
[INFO] [stdout] 
[INFO] [stdout] 
[INFO] [stdout] error[E0599]: no function or associated item named `milliseconds` found for struct `Duration` in the current scope
[INFO] [stdout]   --> src/main.rs:17:31
[INFO] [stdout]    |
[INFO] [stdout] 17 |         timer.sleep(Duration::milliseconds(1000));
[INFO] [stdout]    |                               ^^^^^^^^^^^^ function or associated item not found in `Duration`
[INFO] [stdout] 
[INFO] [stdout] 
[INFO] [stdout] error[E0599]: no function or associated item named `milliseconds` found for struct `Duration` in the current scope
[INFO] [stdout]   --> src/main.rs:17:31
[INFO] [stdout]    |
[INFO] [stdout] 17 |         timer.sleep(Duration::milliseconds(1000));
[INFO] [stdout]    |                               ^^^^^^^^^^^^ function or associated item not found in `Duration`
[INFO] [stdout] 
[INFO] [stdout] 
[INFO] [stdout] error[E0277]: `Option<_>` doesn't implement `std::fmt::Display`
[INFO] [stdout]   --> src/main.rs:32:36
[INFO] [stdout]    |
[INFO] [stdout] 32 |             println!("answer: {}", answer);
[INFO] [stdout]    |                                    ^^^^^^ `Option<_>` cannot be formatted with the default formatter
[INFO] [stdout]    |
[INFO] [stdout]    = help: the trait `std::fmt::Display` is not implemented for `Option<_>`
[INFO] [stdout]    = note: in format strings you may be able to use `{:?}` (or {:#?} for pretty-print) instead
[INFO] [stdout]    = note: required by `std::fmt::Display::fmt`
[INFO] [stdout]    = note: this error originates in a macro (in Nightly builds, run with -Z macro-backtrace for more info)
[INFO] [stdout] 
[INFO] [stdout] 
[INFO] [stdout] error[E0277]: `Option<_>` doesn't implement `std::fmt::Display`
[INFO] [stdout]   --> src/main.rs:32:36
[INFO] [stdout]    |
[INFO] [stdout] 32 |             println!("answer: {}", answer);
[INFO] [stdout]    |                                    ^^^^^^ `Option<_>` cannot be formatted with the default formatter
[INFO] [stdout]    |
[INFO] [stdout]    = help: the trait `std::fmt::Display` is not implemented for `Option<_>`
[INFO] [stdout]    = note: in format strings you may be able to use `{:?}` (or {:#?} for pretty-print) instead
[INFO] [stdout]    = note: required by `std::fmt::Display::fmt`
[INFO] [stdout]    = note: this error originates in a macro (in Nightly builds, run with -Z macro-backtrace for more info)
[INFO] [stdout] 
[INFO] [stdout] 
[INFO] [stdout] error[E0599]: no method named `begin_section` found for enum `std::result::Result<Ini, ini::ini::Error>` in the current scope
[INFO] [stdout]   --> src/main.rs:59:12
[INFO] [stdout]    |
[INFO] [stdout] 59 |     config.begin_section("config");
[INFO] [stdout]    |            ^^^^^^^^^^^^^ method not found in `std::result::Result<Ini, ini::ini::Error>`
[INFO] [stdout] 
[INFO] [stdout] 
[INFO] [stdout] error[E0599]: no method named `begin_section` found for enum `std::result::Result<Ini, ini::ini::Error>` in the current scope
[INFO] [stdout]   --> src/main.rs:59:12
[INFO] [stdout]    |
[INFO] [stdout] 59 |     config.begin_section("config");
[INFO] [stdout]    |            ^^^^^^^^^^^^^ method not found in `std::result::Result<Ini, ini::ini::Error>`
[INFO] [stdout] 
[INFO] [stdout] 
[INFO] [stdout] error[E0599]: no method named `get` found for enum `std::result::Result<Ini, ini::ini::Error>` in the current scope
[INFO] [stdout]   --> src/main.rs:60:43
[INFO] [stdout]    |
[INFO] [stdout] 60 |     let port: u16 = match from_str(config.get("port").as_slice()) {
[INFO] [stdout]    |                                           ^^^ method not found in `std::result::Result<Ini, ini::ini::Error>`
[INFO] [stdout] 
[INFO] [stdout] 
[INFO] [stdout] error[E0599]: no method named `get` found for enum `std::result::Result<Ini, ini::ini::Error>` in the current scope
[INFO] [stdout]   --> src/main.rs:60:43
[INFO] [stdout]    |
[INFO] [stdout] 60 |     let port: u16 = match from_str(config.get("port").as_slice()) {
[INFO] [stdout]    |                                           ^^^ method not found in `std::result::Result<Ini, ini::ini::Error>`
[INFO] [stdout] 
[INFO] [stdout] 
[INFO] [stdout] error[E0599]: no method named `get` found for enum `std::result::Result<Ini, ini::ini::Error>` in the current scope
[INFO] [stdout]   --> src/main.rs:65:23
[INFO] [stdout]    |
[INFO] [stdout] 65 |     let host = config.get("hostname").as_slice();
[INFO] [stdout]    |                       ^^^ method not found in `std::result::Result<Ini, ini::ini::Error>`
[INFO] [stdout] 
[INFO] [stdout] 
[INFO] [stdout] error[E0599]: no method named `get` found for enum `std::result::Result<Ini, ini::ini::Error>` in the current scope
[INFO] [stdout]   --> src/main.rs:65:23
[INFO] [stdout]    |
[INFO] [stdout] 65 |     let host = config.get("hostname").as_slice();
[INFO] [stdout]    |                       ^^^ method not found in `std::result::Result<Ini, ini::ini::Error>`
[INFO] [stdout] 
[INFO] [stdout] 
[INFO] [stdout] error: aborting due to 19 previous errors
[INFO] [stdout] 
[INFO] [stdout] 
[INFO] [stdout] error: aborting due to 19 previous errors
[INFO] [stdout] 
[INFO] [stdout] 
[INFO] [stdout] Some errors have detailed explanations: E0277, E0425, E0432, E0599.
[INFO] [stdout] 
[INFO] [stdout] Some errors have detailed explanations: E0277, E0425, E0432, E0599.
[INFO] [stdout] 
[INFO] [stdout] For more information about an error, try `rustc --explain E0277`.
[INFO] [stdout] 
[INFO] [stdout] For more information about an error, try `rustc --explain E0277`.
[INFO] [stdout] 
[INFO] [stderr] error: could not compile `tsdnsx`.
[INFO] [stderr] 
[INFO] [stderr] To learn more, run the command again with --verbose.
[INFO] [stderr] warning: build failed, waiting for other jobs to finish...
[INFO] [stderr] error: build failed
[INFO] running `Command { std: "docker" "inspect" "92b2a76ad4475268e57adf76b836efbef4ea963802960e2e6dcfa0b491579923", kill_on_drop: false }`
[INFO] running `Command { std: "docker" "rm" "-f" "92b2a76ad4475268e57adf76b836efbef4ea963802960e2e6dcfa0b491579923", kill_on_drop: false }`
[INFO] [stdout] 92b2a76ad4475268e57adf76b836efbef4ea963802960e2e6dcfa0b491579923
